
Suppose -4*g - 760 = 4*v, -3*g + 3*v = -0*v + 594. Let y = -315 + g. Let t = y + 826. Is t composite?
False
Let t = 29 - 36. Let d(r) = 13*r**3 - 8*r**2 + r + 15. Let j be d(t). Is (j/3 - 5)*3/(-2) composite?
True
Let i = -1966 + 4206. Let a = i - 601. Suppose 0 = -o - 3*u + a, 3*o - 3*u - 8267 = -2*o. Is o a composite number?
True
Let q(b) = -4*b**3 + 2*b**2 + 6*b + 26. Let n be q(-10). Suppose -3*o - n = -6*o + 4*l, -1357 = -o - 5*l. Is o prime?
False
Is (1156984/(-12) + 8)*(-6)/4 a composite number?
False
Is (-35729276)/(-396) + (-42)/(-27) composite?
False
Let u(k) = -k**2 - 4*k - 1. Let i be u(-2). Suppose i*v - 3 = 0, f + 5*v = 6*f - 13255. Suppose -3*z - 5*r + f = 0, 4*z - 3544 = 3*r - 7*r. Is z prime?
False
Suppose 0 = 4*s - 4*r - 297 - 83, 0 = 4*s - 5*r - 384. Let x be (-1)/(-2)*(-13)/(s/(-1946)). Let n = 190 + x. Is n composite?
True
Let d = 102811 + 138486. Is d composite?
True
Let g(k) = k**3 - 31*k**2 + 33*k - 16. Let w be g(30). Suppose -w*i + 93*i = 7239. Is i prime?
False
Suppose 12 = -13*p + 16*p. Suppose 5*t = -6*c + 2*c + 55711, -p*c - 44576 = -4*t. Is t composite?
True
Let b(y) = -2*y**3 + 33*y**2 - 15*y - 2. Let j be b(16). Suppose -j*q - 933 + 2865 = 0. Let a = q - 73. Is a prime?
False
Suppose 255*n - 34814 = 242*n. Suppose -8*o + n = -1362. Is o a prime number?
False
Let s = 24 - 25. Let x(l) = 224*l**2 + l + 1. Let o be x(s). Suppose 5*i = 171 + o. Is i prime?
True
Let t be (-20)/(-50) - (-10343)/5. Suppose r + 5*s = t, r - 8204 = -3*r + 4*s. Let g = r - 981. Is g composite?
True
Let x(f) be the second derivative of 2411*f**7/2520 - f**6/720 - f**5/120 - 5*f**4/6 - 4*f. Let w(u) be the third derivative of x(u). Is w(-1) composite?
False
Suppose 0 = 63*d - 70*d + 49. Let p(m) = 247*m + 37. Let j be p(d). Suppose 1661 + j = b. Is b a composite number?
True
Suppose 5*u - 4663 = 4*a, 0 = 4*a + 4*u + 1536 + 3136. Let b = a - -2074. Is b prime?
True
Suppose -i + 4*i - 138 = -3*q, 5*q = 5*i + 220. Suppose -44*u = -q*u + 5779. Is u composite?
False
Let b = -334 - -350. Suppose -1927 = b*h - 17591. Is h composite?
True
Let t(i) = -37*i - 61*i**2 + 30*i - 5 + 2*i + 19*i**3. Is t(8) a composite number?
False
Let v = -8326 + 24768. Suppose -4664 = -u - 3*l - 547, l = 4*u - v. Is u a prime number?
True
Let n = -1122 + 1995. Suppose 6*w - 1641 = n. Is w a composite number?
False
Let w(v) = 37*v**3 - 10*v**2 + 13*v - 31. Let i be w(6). Let c = 14148 - i. Is c prime?
True
Suppose -5*r + 66 = 26. Let l(g) = -g**2 + 5*g + 13. Let i be l(r). Let x(s) = -s**2 - 22*s + 18. Is x(i) composite?
False
Let r = 16 + -20. Let t(w) = 2*w + 1. Let g(c) = -347*c - 2. Let m(n) = r*t(n) - g(n). Is m(5) a composite number?
False
Suppose 3*q - 51 = 5*p, 5*q = -3*p - 5 - 46. Is (4919/(-5))/(p/60) prime?
True
Let f(y) = -3*y**3 - 23*y**2 - 112*y + 11. Suppose -4*l - 45 = -0*j + 3*j, -5*j - l = 58. Is f(j) prime?
False
Let o(l) = 7*l + 161. Let j be o(-24). Is ((-4 - j) + -2)*20861 composite?
True
Let r(b) = -976*b - 139. Let q be r(3). Let a = 11486 + q. Is a a prime number?
True
Suppose -3*c = f - 34, -5*c - f + 17 = -43. Let s be -1 + 4 + c - 2. Is (4922*1/3)/(s/21) a prime number?
False
Let j = 20302 + -32076. Let r = -7918 - j. Suppose -4*b + r = 2*s, -2*b + 3*b - 5*s - 975 = 0. Is b a prime number?
False
Let h(p) = 5212*p + 601. Is h(39) a prime number?
True
Let q(f) = 7*f**2 - 19*f - 92. Let n = 213 - 227. Is q(n) prime?
False
Suppose 6743*s = 6728*s + 5348085. Is s a prime number?
False
Suppose -5*i + 3*l - 1 = -2, 2*i = -3*l + 13. Let t be i + (-2)/((-5529)/5531 - -1). Let g = t + 9680. Is g a composite number?
True
Let n(g) = 5*g + 18. Let r be n(-6). Let y be 20/(-6)*r/10. Suppose -y*v = -2597 + 253. Is v prime?
False
Let z(r) = 35*r**2 - 14*r + 33. Let d(l) = 34*l**2 - 15*l + 33. Let v(k) = 6*d(k) - 5*z(k). Let x be v(-14). Suppose -8*w + 1291 = -x. Is w a prime number?
True
Suppose 49*f - 7733666 = -61*f + 58436504. Is f a composite number?
True
Let u(g) = -43260*g - 2869. Is u(-9) composite?
False
Suppose 255*n = 264*n - 1071. Is n prime?
False
Suppose 5*v = 4*g + 24, -3*g + 0*g = -3*v + 15. Let j = v - -5. Let w(p) = 73*p - 16. Is w(j) a composite number?
False
Let d(k) = 3*k**3 + 36*k**2 + 36*k + 37. Let f be d(-11). Let g be 3*(-101)/6*-4. Suppose -f*j = -g - 154. Is j a prime number?
True
Let h = 3857 - 3106. Is h a prime number?
True
Suppose 0 = z - 4*c + 9, -5*z - 5*c - 6 = -36. Suppose z*s - 1542 = -0*s. Let g = 2819 - s. Is g composite?
True
Let n be 31/31 + 1*3. Suppose -c - 34446 - 22760 = -n*a, 4*a - 57198 = 5*c. Is a a composite number?
True
Let k = 143 + -147. Is 359*((-8)/k - 5)*-1 composite?
True
Let s = 5100 - -17415. Suppose s = 5*j + l, j - 3337 = -4*l + 1185. Is j a prime number?
False
Suppose 4*d - 147322 = -2*f, 4*f + 5*d = -f + 368280. Is f a composite number?
False
Let i(z) = 4*z + 4. Let o be i(-4). Let b(y) = 43*y**2 - 30*y - 31. Is b(o) composite?
False
Let x(z) = z**2 + 5*z - 25. Let m be x(-9). Suppose 4891 + 400 = m*h. Is h a composite number?
True
Suppose 2*x - 5*c = -163 + 581, -2*c - 412 = -2*x. Suppose -x*s = -198*s - 16230. Is s composite?
True
Suppose -3*c + 11122 = 5*l, -60*c - 4440 = -2*l - 59*c. Is (-180 - 1)/((-22)/l) a composite number?
True
Suppose -2 = -0*y - 2*y + 2*a, -3*y = 2*a + 2. Suppose y = -0*h - h + 573. Let w = -154 + h. Is w prime?
True
Let y = -16 + 17. Let b be (5 - (y - 0))/(3/12). Suppose -b*f + 1630 = -11*f. Is f a composite number?
True
Is 1508/116 + 1*14268 a composite number?
False
Let l = 6739 - 3679. Let t be l - 25/(-5) - -1. Is (-8)/(-10) - t/(-5) a prime number?
False
Suppose -29489 + 635684 = 45*m. Is m composite?
True
Let l(n) = -50*n - 33. Let z(u) = -u**3 + 15*u**2 - 12*u - 14. Let f be z(14). Let x be -3*((-2)/((-12)/f) + 0). Is l(x) a composite number?
False
Let a = 0 + 4. Suppose -4*f + 29 = -5*h, 5*h - 24 + 5 = -a*f. Suppose -633 = -f*u + 3*u. Is u composite?
False
Is ((-4595695)/51 + 14)*-3 a composite number?
True
Let h(j) = j + 1. Let y be h(-1). Let k be (-12)/18*105/(-14). Suppose y*n - k*n = -465. Is n a prime number?
False
Suppose 66492072 = 8*o + 17*o + 47*o. Is o a composite number?
False
Is 13171164/108 - 18/81 composite?
True
Suppose -14*m = -17*m. Is (m + 1)/((-29 + 14)/(-460335)) a composite number?
False
Suppose -108 = 19*w - 10*w. Let n be (-153)/2 - (-1)/(-2). Let f = w - n. Is f prime?
False
Let u = -63 - -60. Let h be 2*(4/(-16)*-6)/u. Is (h - -3 - 3)*-2815 a prime number?
False
Let s = 14798 - -1599. Is s a composite number?
True
Let w(m) = 68*m + 4. Let l be w(-3). Let j = 639 - l. Is j composite?
False
Let m = 32 - -422. Suppose 0 = 2*b - m - 3648. Is b prime?
False
Is (-572)/(-3718) - 40634/(-26) prime?
False
Let q = 173810 - 117036. Is q a composite number?
True
Let o = -45 - -68. Suppose 87 = -2*n + o. Is 5769*(-5 - n/6) a prime number?
False
Let y(c) = -4*c**3 + 5*c**2 + 15*c - 21. Let d(q) = q**3 + q**2 - q + 1. Let w(i) = 3*d(i) + y(i). Let a be w(13). Let r = a + 1662. Is r prime?
False
Let u = 38 - 31. Suppose -u*c - c = 56. Let s(p) = -p**3 + p**2 + 15*p + 32. Is s(c) a composite number?
True
Let h(v) = -3*v**3 + 5*v**2 - 20*v - 13. Let k(p) = 4*p**3 - 5*p**2 + 19*p + 14. Let f(u) = 5*h(u) + 4*k(u). Is f(13) prime?
False
Let u(a) = 81779*a + 346. Is u(9) a composite number?
False
Let m(r) be the second derivative of -5/2*r**2 - 43/6*r**3 + 2 + 47/3*r**4 - 4*r. Is m(4) prime?
False
Let g(w) = w**2 - 11*w + 27. Let a be g(9). Suppose -a*n = -23*n + 316582. Is n a composite number?
False
Let h = 49516 + -34555. Is h prime?
False
Let l(z) = -z**2 - 7*z - 4. Let j be l(-4). Let d be (((-42)/j)/7)/(4/(-1472)). Let v = d + -65. Is v a composite number?
False
Suppose 400*g + 27636685 = 515*g. Is g composite?
False
Suppose -5*y + 5*d + 200 = 0, 0 = 3*y - 6*y + 2*d + 124. Suppose -y*k = -51*k + 67543. Is k a composite number?
False
Let o be ((-733)/(-3))/(3/18). Let g = -1009 + o. Let i = 432 + g. Is i prime?
False
Let h = -655 + 1023. Let o = 323 + h. Is o prime?
True
Suppose 11*s = 2*s + 198. Is 14047/s + 10/4 composite?
False
Let z = 491867 - 336540. Is z a prime number?
True
Let z(y) = -11070*y + 2291. Is z(-34) a prime number?
True
Let o be 763693/49 - (-4)/(-7). Suppose 0 = 9*d - 56874 - o. Is d composite?
True
Is (-1)/4*(2950550/(-22) - 